-110011100 (base 2) to base 4.
-12130
-762 (base 13) to base 7
-3453
-220331 (base 6) to base 8
-43537
Convert 40025 (base 6) to base 13.
24a1
Convert 1539 (base 10) to base 13.
915
What is -11518 (base 9) in base 13?
-3683
Convert 2884 (base 10) to base 13.
140b
-1021 (base 8) to base 13
-319
What is -10110001000111 (base 2) in base 15?
-355a
What is 11230223 (base 4) in base 2?
101101100101011
What is -2222122002 (base 3) in base 2?
-1110010110011101
-10514 (base 7) to base 4
-221201
What is -1624 (base 7) in base 4?
-22033
Convert 54d (base 14) to base 6.
4505
What is -140534 (base 6) in base 16?
-336a
What is 8583 (base 9) in base 14?
242c
What is 1381b (base 12) in base 6?
325235
-5496 (base 10) to base 2
-1010101111000
-45b9 (base 14) to base 12
-701b
Convert -14733 (base 8) to base 10.
-6619
1453 (base 7) to base 11
485
What is -2 (base 10) in base 11?
-2
What is -10b7 (base 13) in base 11?
-1844
-2046 (base 10) to base 16
-7fe
141450 (base 6) to base 7
53631
Convert 200020202 (base 3) to base 4.
3033320
-3160 (base 7) to base 9
-1474
What is 506 (base 13) in base 9?
1145
Convert -17340 (base 9) to base 12.
-6ab3
Convert 101021101 (base 3) to base 6.
54401
What is -131322 (base 6) in base 11?
-9021
What is -122006 (base 7) in base 10?
-22301
130405 (base 7) to base 3
1020012201
Convert 111010101 (base 2) to base 13.
2a1
Convert -53a9 (base 13) to base 12.
-6893
-17a1 (base 15) to base 2
-1001111101101
What is 11001110000011 (base 2) in base 15?
3d92
What is 18ab (base 12) in base 4?
233003
What is 11111212211 (base 3) in base 16?
15b14
Convert -316 (base 7) to base 14.
-b6
What is -4447 (base 10) in base 11?
-3383
18396 (base 12) to base 6
430310
Convert -73a (base 14) to base 11.
-1085
What is 411110 (base 6) in base 5?
2021113
What is 21230 (base 5) in base 3?
1222100
Convert -2477 (base 15) to base 2.
-1111001010010
43722 (base 8) to base 16
47d2
-47531 (base 9) to base 2
-111110000100100
-5 (base 11) to base 12
-5
Convert -31ed (base 15) to base 12.
-6151
Convert -123121 (base 5) to base 7.
-16645
Convert -1025 (base 8) to base 10.
-533
Convert -1b (base 14) to base 5.
-100
Convert -3112 (base 9) to base 10.
-2279
3386 (base 9) to base 5
40013
Convert -283 (base 13) to base 9.
-544
What is 82a6 (base 12) in base 5?
423423
Convert -217 (base 9) to base 16.
-b2
What is -2ea (base 15) in base 2?
-1010011110
-2112 (base 7) to base 14
-3b2
What is 101110100001 (base 2) in base 7?
11452
1010001010 (base 2) to base 15
2d5
-2025 (base 7) to base 11
-591
What is -10201 (base 4) in base 16?
-121
-684b (base 14) to base 9
-26740
Convert -58 (base 12) to base 4.
-1010
Convert 306 (base 12) to base 9.
536
What is 522 (base 9) in base 10?
425
Convert 112203 (base 5) to base 7.
14550
What is -22176 (base 8) in base 5?
-244332
What is -220 (base 8) in base 4?
-2100
361 (base 16) to base 15
3ca
Convert 12150 (base 8) to base 9.
7144
30443 (base 5) to base 13
ba9
What is -1045 (base 6) in base 4?
-3311
Convert 874 (base 16) to base 7.
6211
What is 2199 (base 11) in base 6?
21215
What is 1000010001 (base 2) in base 5?
4104
a8c (base 14) to base 4
200210
Convert -446 (base 11) to base 6.
-2250
Convert -340 (base 6) to base 8.
-204
What is 12274 (base 8) in base 2?
1010010111100
What is 1ee7 (base 15) in base 11?
507a
-50325 (base 6) to base 5
-202410
-30230 (base 4) to base 11
-679
What is 245010 (base 6) in base 14?
7d4a
52323 (base 6) to base 9
10576
What is 8560 (base 9) in base 7?
24225
520421 (base 7) to base 2
10101101111011000
29a0 (base 13) to base 4
1132131
3305 (base 13) to base 6
52515
Convert 101110000 (base 2) to base 6.
1412
What is -8289 (base 11) in base 7?
-44014
Convert -11fe (base 16) to base 4.
-1013332
Convert 22342 (base 8) to base 6.
111414
661 (base 9) to base 16
21d
-1087 (base 9) to base 11
-675
What is -7091 (base 15) in base 8?
-56321
What is 10110001001 (base 2) in base 10?
1417
-31853 (base 10) to base 8
-76155
Convert -146 (base 16) to base 5.
-2301
Convert -d3 (base 16) to base 3.
-21211
187 (base 9) to base 3
12221
3002 (base 8) to base 12
a82
Convert -27878 (base 13) to base 2.
-10010000011100000
12231 (base 4) to base 12
2b9
Convert -1110110111001001 (base 2) to base 8.
-166711
Convert -11101111010 (base 2) to base 10.
-1914
What is -2561 (base 9) in base 12?
-113a
What is -202101 (base 3) in base 7?
-1414
-707 (base 8) to base 15
-205
What is -1010001010 (base 2) in base 14?
-346
What is -1533 (base 9) in base 7?
-3252
Convert 3621 (base 7) to base 10.
1338
Convert 1d2c (base 14) to base 13.
2572
Convert 111 (base 15) to base 8.
361
What is 1351 (base 12) in base 14?
b49
-20012 (base 3) to base 7
-326
What is -2b3 (base 12) in base 4?
-12213
Convert -6010 (base 7) to base 5.
-31230
Convert -1680 (base 9) to base 2.
-10100000111
What is 731 (base 8) in base 2?
111011001
What is 2415 (base 9) in base 5?
24141
Convert -3305 (base 16) to base 5.
-404221
What is 3425a (base 11) in base 8?
140622
Convert 8a64 (base 12) to base 13.
6ca0
73 (base 16) to base 3
11021
Convert 210 (base 8) to base 3.
12001
-2325 (base 7) to base 13
-507
101101101100100 (base 2) to base 8
55544
-155 (base 16) to base 10
-341
Convert -154551 (base 7) to base 15.
-9060
Convert -137 (base 15) to base 5.
-2102
What is 433420 (base 6) in base 14?
d08c
1835 (base 13) to base 8
7011
What is 350 (base 8) in base 10?
232
-8192 (base 10) to base 7
-32612
Convert 752 (base 8) to base 5.
3430
What is -1031320 (base 4) in base 2?
-1001101111000
What is 8059 (base 11) in base 16?
29d8
What is 1562 (base 13) in base 14?
11d0
Convert -14210 (base 11) to base 14.
-7522
-5 (base 10) to base 13
-5
Convert -220305 (base 6) to base 10.
-18257
What is 11654 (base 8) in base 2?
1001110101100
-101211 (base 5) to base 10
-3306
What is 83f (base 16) in base 8?
4077
What is 859 (base 10) in base 4?
31123
-21012010 (base 3) to base 16
-1479
What is -100000 (base 2) in base 3?
-1012
-36412 (base 7) to base 16
-24fa
What is -1012314 (base 6) in base 12?
-2409a
What is -c82 (base 15) in base 3?
-10212112
669 (base 15) to base 13
876
-1110000 (base 2) to base 11
-a2
Convert -20637 (base 8) to base 13.
-3bc1
What is 454 (base 11) in base 10?
543
What is -1000100100 (base 2) in base 7?
-1412
Convert -237d (base 15) to base 10.
-7543
-4349 (base 16) to base 15
-5185
Convert -947 (base 11) to base 10.
-1140
What is -806 (base 14) in base 8?
-3046
-232132 (base 5) to base 6
-102545
-35626 (base 7) to base 5
-243412
Convert -78 (base 9) to base 6.
-155
What is -220212 (base 3) in base 10?
-671
3ba8 (base 15) to base 16
31d6
-112 (base 15) to base 9
-288
Convert 11101011111000 (base 2) to base 6.
153520
What is 121112 (base 4) in base 5?
22442
Convert 11001011100100 (base 2) to base 4.
3023210
Convert 3396 (base 12) to base 7.
22464
-2102 (base 12) to base 10
-3602
-10031212 (base 4) to base 6
-211514
Convert -1412142 (base 5) to base 14.
-a82b
What is -22010 (base 4) in base 2?
-1010000100
Convert 743 (base 12) to base 9.
1406
Convert -9b (base 15) to base 13.
-b3
What is 50411 (base 6) in base 4?
1213213
What is -424 (base 7) in base 11?
-185
What is 19353 (base 10) in base 8?
45631
What is -607 (base 13) in base 7?
-2656
What is -907 (base 12) in base 6?
-10011
What is 232255 (base 6) in base 9?
30358
Convert -14b0a (base 12) to base 7.
-151153
1111111011101 (base 2) to base 6
101433
53 (base 9) to base 7
66
What is 1101 (base 10) in base 5?
13401
Convert 8728 (base 13) to base 16.
4969
-19350 (base 10) to base 14
-70a2
-19960 (base 11) to base 4
-12301333
What is -84795 (base 10) in base 13?
-2c799
73537 (base 10) to base 4
101331001
What is -105014 (base 7) in base 4?
-10201211
What is 388 (base 15) in base 16?
323
What is -110011110100 (base 2) in base 7?
-12445
What is 137 (base 8) in base 5?
340
What is 840 (base 10) in base 13?
4c8
What is 17962 (base 12) in base 5?
2043302
16206 (base 8) to base 16
1c86
What is 221553 (base 6) in base 5?
1043243
Convert -2021121 (base 3) to base 12.
-b67
Convert 4491 (base 12) to base 4.
1312231
Convert -20312 (base 6) to base 10.
-2708
What is -558b (base 12) in base 13?
-4403
What is 1112021002 (base 3) in base 8?
72600
Convert -111001 (base 3) to base 5.
-2402
Convert 7342 (base 10) to base 12.
42ba
-494a (base 16) to base 10
-18762